 are the prime factors of n?
11
Let r(g) = g**2 + 4*g - 5. Let c be r(-5). Let f(j) = j**2 - j + 13. Let s be f(c). Let l = s + -7. List the prime factors of l.
2, 3
Let z(y) = -y**3 - 7*y**2 + 6. Let g be z(-7). Suppose -2*l = -3*l - 1. Let n = g + l. What are the prime factors of n?
5
Suppose 2*v = d + 10, 0 = -4*v + v - 5*d - 11. Let n(k) = 9 - v + 2*k - 1. List the prime factors of n(6).
17
Let x be 3/(-3)*(-2 - -2). Let h(o) = o**2 + 9*o - 6. Let s be h(-10). Suppose x*d + s*d - 40 = 0. List the prime factors of d.
2, 5
Let x(h) = -11*h**3 - h**2 + 3*h + 3. Let c be x(-2). Suppose -2*m = m - c. List the prime factors of m.
3
Let f = -13 - -33. List the prime factors of f.
2, 5
Suppose 0*g - 9 = -3*g. Suppose -2*c = g*c. Suppose c*p - p = -3*i - 10, -i - 2 = 0. List the prime factors of p.
2
List the prime factors of (12/10)/((-27)/(-855)).
2, 19
Suppose p = 2*p + 2. What are the prime factors of p/((-1 - -3)/(-4))?
2
Suppose 4*n - 16 = 64. What are the prime factors of n?
2, 5
What are the prime factors of 234 + (4/(-10) - 21/(-15))?
5, 47
Let z = -101 + 150. What are the prime factors of z?
7
Suppose -3*v - 2*x + 75 = -96, 4*x - 285 = -5*v. What are the prime factors of v?
3, 19
Let i(z) = -2*z - 28. Let y(r) = -r - 19. Let o(s) = -5*i(s) + 7*y(s). List the prime factors of o(10).
37
Suppose -3*l - l = -2*h - 14, 4 = 2*l - 2*h. Suppose 0*j - 15 = -l*j. Suppose j + 6 = g. What are the prime factors of g?
3
Suppose 0*s - 5*s = -70. Suppose -a = -s - 6. List the prime factors of 1/2*a/2.
5
Let i(d) = -d + 3. Let t = 4 - 4. Suppose -2*u - 15 = l + u, t = -l - 4*u - 18. What are the prime factors of i(l)?
3
Suppose -2*s + s - 1 = 0, 4*s = -4*n + 76. What are the prime factors of n?
2, 5
Let f be (-2)/3 - 4/(-6). Suppose 0 = -f*x + 4*x - 12. Suppose -l + 15 = x. What are the prime factors of l?
2, 3
Suppose 5*l + v = -13 - 35, 2*v = 4. Let b(i) = i + 9. Let t be b(l). What are the prime factors of ((-120)/(-32))/(t/(-4))?
3, 5
Suppose -5*y = -4*r - r - 415, 3*y = 5*r + 247. List the prime factors of y.
2, 3, 7
Let z(p) = -p**3 + p**2 + p + 1. Let i be (-6)/4*24/18. What are the prime factors of z(i)?
11
Suppose -4*i = -6*i + 72. List the prime factors of i.
2, 3
Let o(r) = -r**3 - 6*r - 1. What are the prime factors of o(-4)?
3, 29
Suppose 4*a + 5*m - 68 - 33 = 0, -m + 5 = 0. List the prime factors of a.
19
Suppose -y + 111 = 26. List the prime factors of y.
5, 17
Let p = 14 - -23. List the prime factors of p.
37
Let s be (-1)/(0 - -3)*-6. Suppose -s*o + 16 = -18. List the prime factors of (-3)/3 + -2 + o.
2, 7
Let s = 4 + -1. Let h be (-12)/(-10)*75/s. Suppose 3*g - g - 3*n = 1, -5*g + 2*n = -h. What are the prime factors of g?
2
Suppose 0 = 2*p + 3*p + 25. Let u = p + 8. Suppose u*k - 4 - 8 = 0. What are the prime factors of k?
2
Let k = 30 - 7. What are the prime factors of k?
23
Let b(k) = -k**2 + 8*k - 9. What are the prime factors of b(5)?
2, 3
Let l be (-972)/(-4)*1/3. Suppose 0 = 5*k + 26 - l. What are the prime factors of k?
11
Suppose 3*b - 9 = -3. Let i = b - -1. Suppose i*m - 40 = -2*m + 3*x, 10 = 3*m + x. List the prime factors of m.
5
Let q(l) = -l**3 + l**2 + 8. Let p be q(0). Let h(g) = -g + 10. List the prime factors of h(p).
2
Let y(v) = 2*v**2 + 10*v - 3. Let s be y(-8). Suppose 0 = -5*t + 4*a + s, 3*a = -5*t + 3 + 7. What are the prime factors of t?
5
Suppose -3 = 4*n + 1. Suppose 0 = 4*j + 2 - 18. List the prime factors of (-3 - n)*j/(-2).
2
Let c(g) be the third derivative of -g**6/120 - g**5/60 + g**4/24 - g**3/2 + 3*g**2. Suppose 0 = 2*b - 1 + 7. List the prime factors of c(b).
2, 3
Let p(l) = l**3 + 12*l**2 + 9*l - 5. List the prime factors of p(-11).
17
Suppose -3*m + 3 = -3. Let v be (12/3)/(m/(-4)). List the prime factors of (-233)/(-11) - v/(-44).
3, 7
Let v(h) be the second derivative of -3*h**5/20 - h**4/3 + 2*h**2 - 7*h. List the prime factors of v(-3).
7
What are the prime factors of (7/((-14)/(-90)))/1?
3, 5
Suppose -2*h + 1 - 11 = 0. List the prime factors of (-2)/h - 132/(-20).
7
Let a(v) = -v**3 + 10*v**2 + 11*v + 14. List the prime factors of a(11).
2, 7
Let c = 117 - -2. What are the prime factors of c?
7, 17
Suppose 2*c + 3*w + 17 = -2*w, 2*c + 9 = 3*w. Let k be (-3)/c*4 - 0. Suppose 0 = -5*m + k*d + 28 + 17, 0 = m - 3*d - 22. What are the prime factors of m?
7
Suppose 0 = 12*a - 9*a. Suppose a*b - 5*b = -155. What are the prime factors of b?
31
Let f = 14 - 9. Suppose z - 20 = f. List the prime factors of z.
5
Suppose 45 + 19 = 2*j. What are the prime factors of j?
2
Let k(p) = -p**2 - 8*p + 1. Let f(r) = r + 1. Let o be f(-7). List the prime factors of k(o).
13
Suppose 4*p + 24 = p. Let h be p*(0 + 7/(-2)). Let d = h + -17. List the prime factors of d.
11
Suppose 7*y = 5*y. Suppose o - 9 + 5 = y. List the prime factors of o.
2
List the prime factors of 586/8 + 17/(-68).
73
Let m(u) = 2*u + 0*u - 5 - 9*u**2 + 10*u**2. List the prime factors of m(6).
43
Suppose -3*i + 182 = -q, -2*i - 3*q + 103 = -0*q. List the prime factors of i.
59
Suppose 3*v + v + 4*u - 456 = 0, -5*u - 10 = 0. What are the prime factors of v?
2, 29
Suppose 7*t = 2*t + 965. List the prime factors of t.
193
Let j(c) = 63*c + 2. List the prime factors of j(1).
5, 13
Suppose j - 62 = 22. Suppose -5*n - j = -4*f, -n + 3*n - 112 = -4*f. Let a = -18 + f. List the prime factors of a.
2
Suppose -k = -5*k + 16. Suppose k*z - 3*r + 9 = 30, -5*r + 5 = 0. What are the prime factors of z?
2, 3
Suppose g - 93 - 15 = 0. List the prime factors of g.
2, 3
Let l = 9 + -5. Let o = l - -10. List the prime factors of o.
2, 7
Let a = -19 - -29. Let l = a + -6. List the prime factors of l.
2
List the prime factors of (-309)/(-5) - (-1)/5.
2, 31
Let l be 3*(3 + (-3 - -1)). Suppose 2*g = l*g - 9. Suppose 1 = p - g. What are the prime factors of p?
2, 5
Let d be 2/13 + 33/39. Let i = d - -9. What are the prime factors of i?
2, 5
Let q(t) = -t**3 + 7*t**2 - 6*t + 2. Let u be q(6). Suppose u*k = -9 + 41. Suppose -k = -0*r - r. List the prime factors of r.
2
Suppose 5*w = 151 + 139. List the prime factors of w.
2, 29
Let n(a) = 4*a - 14. List the prime factors of n(14).
2, 3, 7
Suppose -2*j + 4*s = 0, -j + 0*s + 4*s = -10. Let a = 16 + j. Suppose -a*w + 40 = -w. What are the prime factors of w?
2
Let r = 226 + -81. Suppose 3*p - 8*p = -r. List the prime factors of p.
29
Let v(u) = u**2 - 1. Let d be v(2). Suppose -d*c = -2*c - 19. List the prime factors of c.
19
Let x(p) = p**2 - 6*p + 3. Let s(j) = 2*j**2 + 2*j - 4. Let r be s(3). Let w = -14 + r. What are the prime factors of x(w)?
3
Let y(b) = -12*b. List the prime factors of y(-1).
2, 3
Let h be 1*-4*(0 + -2). Suppose 3*x - 3*s = -h*s, 0 = 5*x + 5*s. List the prime factors of 2 + x/(0 + 2).
2
Let z be (3/6)/((-1)/(-6)). Suppose 2*o - 14 = -z*g, -5*o = -2*g + 3*g - 22. What are the prime factors of o/(-14) + (-74)/(-14)?
5
Let x(t) = 4*t**3 + t**2 - 1. Let n be x(1). Suppose n*l = 20 + 4. Suppose -i + l*i = 45. What are the prime factors of i?
3
Let h(i) = 2*i - 2 + 7 + 0*i. Let o(j) = j**3 - 3*j**2 - 2*j - 4. Let n be o(4). List the prime factors of h(n).
13
Suppose 0 = -7*x + 3*x + 520. What are the prime factors of 4/(-6) - x/(-6)?
3, 7
Let d be 90/(-21) - 2/(-7). Let p(w) = w**3 + 4*w**2 - 3*w - 5. List the prime factors of p(d).
7
Suppose 0 = -5*u + 12 + 13. Suppose -u*w - 2*w = -28. What are the prime factors of w?
2
Suppose 2*g - 4*c = -0*g + 18, 4*c = -5*g + 3. Suppose 2*h - g*i - 112 = 0, -8*i + 80 = 2*h - 3*i. List the prime factors of h.
2, 5
Let l(k) = -2*k - 8. Suppose 0 = m - r + 6*r - 24, 3*r = 4*m - 4. Suppose 0 = d + 3*f + 2 - 3, 2*f - 38 = m*d. What are the prime factors of l(d)?
2
Let n = -33 - -33. Let z be 58/1 - 1/1. List the prime factors of -2 + n - z/(-3).
17
Let o(w) = w**2 + 2*w - 1. Let f be o(-3). Let x(d) = d**3 - 6*d**2 - 6*d. Let b be x(7). Suppose f*l + 45 = b*l. List the prime factors of l.
3
Let z(l) = 6*l**2 + 4 + 1 + 10*l - 2*l**2 - 5*l**2. List the prime factors of z(9).
2, 7
Suppose -5*o + 2*o = -285. Suppose 0*g - o = -5*g. List the prime factors of g.
19
Let y be (3 - (1 + -2))*-1. Let k be (-2)/4 + 10/y. What are the prime factors of ((-15)/k)/(3/6)?
2, 5
Let x(q) = -8*q - 13. Let v(i) = -7*i - 13. Let z(s) = -7*v(s) + 6*x(s). List the prime factors of z(-11).
2
L